{"id":19,"date":"2016-04-08T11:29:12","date_gmt":"2016-04-08T11:29:12","guid":{"rendered":"http:\/\/kilgarriff.co.uk\/prize\/wp\/?page_id=19"},"modified":"2024-02-12T08:41:08","modified_gmt":"2024-02-12T08:41:08","slug":"trustees","status":"publish","type":"page","link":"https:\/\/kilgarriff.co.uk\/prize\/trustees\/","title":{"rendered":"Trustees and Legal Status"},"content":{"rendered":"<p>The Prize is administered and awarded by the Board of Trustees. The current membership is:<\/p>\n<ul>\n<li>Michael Rundell (chair)<\/li>\n<li>Milo\u0161 Jakub\u00ed\u010dek<\/li>\n<li>Ilan Kernerman<\/li>\n<li>Iztok Kosem<\/li>\n<li>Pavel Rychl\u00fd<\/li>\n<li>Carole Tiberius<\/li>\n<\/ul>\n<p><span style=\"font-weight: 400;\">If\/When any of the Trustees steps down, new members will\u00a0be appointed by cooptation.<\/span><\/p>\n<h2>Legal status<\/h2>\n<p>The Board of Trustees has founded an endowment fund for the purposes of organization of this prize. The endowment fund is a legal body, a private non-profit organization registered in the Czech Republic, which will be the beneficiary of all sponsorship and donator of the Prize. Contact details of this legal entity are provided below:<\/p>\n<p><strong>Nada\u010dn\u00ed fond Adama Kilgarriffa\u00a0<\/strong>(Adam Kilgarriff Endowment Fund)<br \/>\nAddress: Slov\u00e1kova 7, 602 00 Brno, Czech Republic<\/p>\n<p>This society is registered in the Register of Endowment Funds maintained by the Regional Court in Brno, section N, insert 666 under the number 06570496.<\/p>\n<p><strong>Bank account details (euro account)<\/strong>:<br \/>\nIBAN: CZ1320100000002401329527<br \/>\nSWIFT\/BIC: FIOBCZPPXXX<br \/>\nThis is a transparent bank account provided by Fio banka, a.s., anyone may see any <a href=\"https:\/\/ib.fio.cz\/ib\/transparent?a=2401329527&amp;lng=ENGLISH\" target=\"_blank\" rel=\"noopener\">transactions on this account online<\/a>.<\/p>\n<div>The online banking interface only shows transactions in the past 12 months. Older records are available as regular bank statements on the following link:<\/div>\n<div><\/div>\n<ul>\n<li><a href=\"https:\/\/kilgarriff.co.uk\/prize\/wp-content\/uploads\/2021\/02\/Vypis_z_uctu-2401329527_20171116-20201231.pdf\">Transactions from November 2017 to December 2021<\/a><\/li>\n<\/ul>\n<div>A <a href=\"https:\/\/kilgarriff.co.uk\/prize\/wp-content\/uploads\/2021\/01\/komercni_banka_20171117-20180111.pdf\">temporary account<\/a> used for founding the endowment fund was held by Komer\u010dn\u00ed banka in the years 2017\u20132018 with a starting balance of 1,000 CZK (approx. 40 \u20ac).<\/div>\n<div><\/div>\n<div><\/div>\n","protected":false},"excerpt":{"rendered":"<p>The Prize is administered and awarded by the Board of Trustees. The current membership is: Michael Rundell (chair) Milo\u0161 Jakub\u00ed\u010dek Ilan Kernerman Iztok Kosem Pavel Rychl\u00fd Carole Tiberius If\/When any of the Trustees steps down, new members will\u00a0be appointed by cooptation. Legal status The Board of Trustees has founded an endowment fund for the purposes [&hellip;]<\/p>\n","protected":false},"author":1,"featured_media":0,"parent":0,"menu_order":0,"comment_status":"closed","ping_status":"closed","template":"","meta":{"footnotes":""},"class_list":["post-19","page","type-page","status-publish","hentry"],"aioseo_notices":[],"post_mailing_queue_ids":[],"_links":{"self":[{"href":"https:\/\/kilgarriff.co.uk\/prize\/wp-json\/wp\/v2\/pages\/19","targetHints":{"allow":["GET"]}}],"collection":[{"href":"https:\/\/kilgarriff.co.uk\/prize\/wp-json\/wp\/v2\/pages"}],"about":[{"href":"https:\/\/kilgarriff.co.uk\/prize\/wp-json\/wp\/v2\/types\/page"}],"author":[{"embeddable":true,"href":"https:\/\/kilgarriff.co.uk\/prize\/wp-json\/wp\/v2\/users\/1"}],"replies":[{"embeddable":true,"href":"https:\/\/kilgarriff.co.uk\/prize\/wp-json\/wp\/v2\/comments?post=19"}],"version-history":[{"count":22,"href":"https:\/\/kilgarriff.co.uk\/prize\/wp-json\/wp\/v2\/pages\/19\/revisions"}],"predecessor-version":[{"id":334,"href":"https:\/\/kilgarriff.co.uk\/prize\/wp-json\/wp\/v2\/pages\/19\/revisions\/334"}],"wp:attachment":[{"href":"https:\/\/kilgarriff.co.uk\/prize\/wp-json\/wp\/v2\/media?parent=19"}],"curies":[{"name":"wp","href":"https:\/\/api.w.org\/{rel}","templated":true}]}}